hat is m(s)?
3
Let q(t) = -3*t - 1. Let z be q(-1). Let g(n) = -2*n**2 + 4*n - 2. What is g(z)?
-2
Let n = 7 + -3. Let u(o) = -4 + 3 + o**2 + o - o**3 + n. Calculate u(0).
3
Let k(c) = 16*c**2 - 3*c**3 - 10*c - 4*c**3 - 7 + c**3. Let i(a) = 4*a**3 - 11*a**2 + 7*a + 5. Let b(m) = -7*i(m) - 5*k(m). Give b(2).
6
Let n(k) = -4*k**2 - 3*k + 5. Let o(a) = -7*a**2 - 6*a + 10. Let c(p) = -5*n(p) + 3*o(p). Determine c(-5).
-5
Let w(f) = 2 - 3*f + 0 + 9*f**2 + 4*f**2 - 12*f**2. Determine w(3).
2
Let u(j) = -j - 3. Let m(h) = h**2 + 7*h + 6. Let l be m(-4). Let s(n) = -n - 2. Let q be s(l). Determine u(q).
-7
Let t(s) = -s**2 - 2*s + 6. Let g be t(0). Let m(y) be the second derivative of y**4/12 - 3*y**3/2 + 9*y**2/2 + y. Give m(g).
-9
Suppose 2*s = 4*h - 14, 5*s + 0*h - 3*h = 0. Suppose 2*t = -2*i, t - 4*t = i + 2. Let a(c) = -i + 2*c**2 + 2*c + c**2 - 4*c**2. Give a(s).
-4
Let v(b) = b**2 - 6*b + 2. Suppose -4*x + 7 = -3*h - 7, -5*x = -5*h - 20. Suppose q + 3 = x*q. Give v(q).
-7
Let j(x) = 3*x**2 - x - 1. Let o(q) = -30*q**2 + 9*q + 9. Let c(v) = 21*j(v) + 2*o(v). Let y(a) = -a**2. Let r(u) = -c(u) - 4*y(u). Calculate r(-4).
7
Suppose 4*v - c - 16 = 0, 5*v - v = 2*c + 20. Let o(d) = d**v + d - d + 0*d**2 + d + 2 - d**2. What is o(0)?
2
Suppose 5*o + 4*m = -37, -o - 2*o + 4*m = 3. Let z(h) = 2*h + 6. Determine z(o).
-4
Let i(l) = -13*l - 13. Suppose 5*w - 7 - 3 = 0. Let j(g) be the third derivative of g**4/8 + g**3/2 + 3*g**2. Let q(x) = w*i(x) + 9*j(x). Calculate q(-1).
0
Let c(q) be the first derivative of -q**2/2 + 6. Determine c(6).
-6
Let y(c) be the third derivative of c**6/120 - c**4/24 - c**2. Let z = -6 - 5. Let m = z + 9. Give y(m).
-6
Let w(y) = -8*y + 3*y**2 + 2 - 2 - 2*y**2 + 3. Calculate w(6).
-9
Let a(k) be the second derivative of -k**4/12 - k**3/2 - 5*k**2/2 + 3*k. Give a(-4).
-9
Let i(v) be the first derivative of -1/4*v**4 + v + 4 - 1/20*v**5 + 2/3*v**3 + 5/2*v**2. Let c(m) be the first derivative of i(m). Determine c(-4).
5
Let n(b) = -b. Let v(p) = 5*p + 1. Let w(l) = -14*n(l) - 2*v(l). Determine w(-3).
-14
Let c(s) be the third derivative of -5*s**4/24 - s**3/6 + 3*s**2. Let o = 4 + 0. Suppose -o = -4*r - 8. Determine c(r).
4
Let g(v) = 9*v + 8. Let d(s) = -8*s - 7. Let q(p) = 7*d(p) + 6*g(p). Let l(y) = -y + 1. Let j(h) = 2*l(h) + q(h). Determine j(-1).
5
Let f(t) be the first derivative of -t**4/12 - t**3 + 5*t**2/2 + 2*t + 6. Let h(n) be the first derivative of f(n). Determine h(-6).
5
Suppose -5*i - 2 = 4*b, 0 = i + 3*b + 6 + 1. Suppose -2 = -q + i. Suppose s = q*u, 0 = 3*u + 5*s - 17 - 6. Let t(g) = 3*g. What is t(u)?
3
Let g(f) = f + 4. Let s be (-5)/(-3) + 2/6. Let p(a) = a + 1. Let y be p(-3). Let u = s + y. Calculate g(u).
4
Suppose 8 = r + 4. Let n(l) = -l**3 + 4*l**2 - l - 1. Determine n(r).
-5
Let p(s) be the second derivative of 0*s**2 - 1/120*s**5 - 1/4*s**4 + 1/3*s**3 + 0 - 3*s. Let t(w) be the second derivative of p(w). Determine t(-5).
-1
Suppose -h = 4*a + 23, h + 4*a + a = -27. Let u(z) = z + 8. Let b be u(h). Let c = 2 - b. Let t(v) = -10*v**3 - v + 1. What is t(c)?
-10
Let y(u) = 7*u - 3. Let g(t) = -t + 1. Let p(q) = -6*g(q) - y(q). Determine p(-6).
3
Let b(i) = i + 15. Let x(n) = -n - 16. Let r(u) = 4*b(u) + 5*x(u). Calculate r(-11).
-9
Let g(k) be the third derivative of -2*k**5/15 - k**4/12 - k**3/6 - 2*k**2. Determine g(-1).
-7
Let j(g) = 3*g**2 + 7*g + 9. Let h(m) = -m**2 - 3*m - 5. Let d(k) = 5*h(k) + 2*j(k). Let w(i) = -i - 5. Let n be w(-5). What is d(n)?
-7
Let b(p) = 3*p**2 - p + 1. Let i(n) = -4*n - 8 + n**2 + 6 - 9. Let l be i(6). Calculate b(l).
3
Let u(w) be the first derivative of -w**5/30 + 2*w**3/3 + 3. Let r(z) be the third derivative of u(z). Calculate r(1).
-4
Let d be (-2 + 16 + (-1 - 3))/(-2). Let c(w) = -2*w - 1. Give c(d).
9
Let b(h) = 2*h + 2. Let o be (4/(-6))/(4/30). Determine b(o).
-8
Let h = 12 + -7. Let o be (-1)/(3/(-6)) + h. Let b(t) = t - o + t**2 + 6*t - 2*t**2. What is b(5)?
3
Let m be -3 - (-5 - 0/(-2)). Suppose -8 = -0*z - m*z. Let r(s) = 3 + 0 + 4*s - z*s + s. Calculate r(-3).
0
Let d be 24/6 + 4/2. Let o(u) = -4*u - 2*u**2 - 3 + 2*u**2 - u**3 - d*u**2. Calculate o(-5).
-8
Let m(i) = -i**2 + 8*i + 2. Let s be m(6). Suppose 4*w = -5*a + s, -2*a + 7 = 3*w - 0*w. Let f(h) = 2*h**2 + h. Determine f(a).
10
Let z(l) be the third derivative of l**4/24 - 11*l**3/6 - 37*l**2. Determine z(6).
-5
Let t(n) be the second derivative of n**5/60 + n**4/6 + 2*n**3/3 + 5*n**2/2 + 3*n. Let u(f) be the first derivative of t(f). Give u(-3).
1
Let c(i) = 6*i - 7. Let p(b) = 7*b - 9. Let k(y) = 6*c(y) - 5*p(y). Give k(-8).
-5
Let t(d) = 2*d. Let h be t(-1). Let m be 1*(h + 6) + 2. Let g(c) = -c**3 + 5*c**2 + 7*c - 7. Calculate g(m).
-1
Let i = 15 + -13. Let g(z) = 0*z - 1 - i*z - 10*z**2 + 9*z**2. Give g(-1).
0
Suppose 4*r + 0*r = 5*q + 41, -r - 16 = 4*q. Let x(j) = j + 3. Determine x(r).
7
Let w be (-54)/24*(-16)/6. Let x(d) = d**3 - 7*d**2 + 5*d + 7. Determine x(w).
1
Let p be 68/18 - 4/(-18). Let u(s) be the second derivative of -s**4/12 + 7*s**3/6 - 5*s**2/2 - s. Determine u(p).
7
Let o(x) = x**2 - 1. Let h = 2 + 5. Let v(a) = a**2 - 8*a + 8 + 1 + 0. Let d be v(h). Give o(d).
3
Let i(g) = g**3 + 4*g + 3. Let j(s) = -2*s**2 - s + 1. Let m be j(1). Give i(m).
-13
Let z(s) be the second derivative of s**3/3 - s**2/2 + s. Let x be z(-1). Let y(r) = -2*r - 2. Determine y(x).
4
Let y(u) = -2*u - 2. Suppose -3 = 3*h, 0 = 4*i - 5*h - 2 - 7. Let o = 3 - i. Determine y(o).
-6
Let z(h) = h - 9. Let q be z(12). Let m(v) = -6*v + q - 15*v**3 + 23*v**3 - 9*v**3 + 7*v**2. What is m(6)?
3
Let o(z) = 3*z**2 - z. Let l = -3 - -2. Give o(l).
4
Let y(g) = g**3 - g**2 - 3*g. Let h(j) = j**2 - 3*j + 3. Let o(s) = s + 12. Let w be o(-9). Let k be h(w). Determine y(k).
9
Let a(u) = u**3 + 5*u**2 - 7*u - 4. Let n be a(-6). Let m(h) = 3*h + 0*h - 2 + 4 + 2*h**2 - 7*h. What is m(n)?
2
Suppose -3*z + 2*y - 5*y = -30, 4*z - 35 = -3*y. Let o = 13 - z. Suppose 8 = 4*a - o. Let q(k) = -k**2 + 3*k - 1. Determine q(a).
-5
Let z be (-3 + 9)*(1 + (-1)/6). Let k(d) be the first derivative of -1/2*d**2 + 1 + 5*d. Determine k(z).
0
Suppose 0 = v + 1. Let j be (2 - v)/(9/(-6)). Let q(d) be the third derivative of d**5/60 + d**4/6 + d**3/2 + d**2. Determine q(j).
-1
Suppose -3*d = -2*x - 2 + 12, 2*d + x = -9. Let w(k) be the first derivative of k**2/2 - k + 1. Determine w(d).
-5
Let b(l) = 2*l + 3. Let y = 5 - 8. Let f be 1/y + 22/(-6). Let h(w) = w**2 + 4*w - 5. Let g be h(f). Calculate b(g).
-7
Let z(g) = 2*g - 1. Let l(p) = -3*p + 1. Let x(k) = 3*l(k) + 5*z(k). What is x(2)?
0
Let a(m) = -4*m + 7 - 2 + 5*m - 4. Calculate a(-2).
-1
Let z(d) = -d**2 - 10*d - 20. Let t be z(-6). Let f = 1 - -1. Let q(g) = 2 - 4*g**f + g**3 - 7 + 4*g - 3*g. Give q(t).
-1
Let s(b) be the third derivative of b**6/60 - b**4/24 + b**3/6 - b**2. Suppose 0 = -k - 3, -r + k + 5 = r. Determine s(r).
2
Let s(n) = -n - 2. Suppose 5*d + 2 = -3. Determine s(d).
-1
Let d(q) = 15*q**3 - q**2 + 1. Let t be (5 + -1)*(-3 - 55/(-20)). Give d(t).
-15
Let d(i) = 7*i**2 + i - i**3 + 2*i**2 - 2 - 5. Give d(9).
2
Let j(b) be the second derivative of 4*b - 3*b**2 + 0 - 1/12*b**4 - 7/6*b**3. Calculate j(-7).
-6
Suppose 3*t = u + 11, -3*t = -t - 2*u - 14. Suppose -3*q = -3*h + 15, 5*h - 9 = -q - t. Let x(c) = -5 - 5*c + c**h + c + c. What is x(5)?
5
Let h(c) = 2 + 20*c + 12*c - 23*c + c**2. Give h(-9).
2
Let l(b) = -b**2 + b - 1. Let s(j) = 2*j**2 - 2*j + 2. Suppose 3*r = -r - 12. Let d(x) = r*s(x) - 5*l(x). Give d(1).
-1
Let t(v) be the first derivative of v**2 - 2*v + 47. Let k be -1 + -1 - (-4 - 0). Calculate t(k).
2
Let w(s) = s**3 - 6*s**2 + 5*s + 1. Suppose 3*q = q - 10. Let a = q + 9. Give w(a).
-11
Let d(y) = 5*y - 2. Suppose -4*v = -l - 11, 2*l + 4*v - 3*v + 22 = 0. Let a(f) = 9*f - 5. Let w(r) = l*d(r) + 6*a(r). Determine w(0).
-8
Let d be 10/35 - (-26)/7. Suppose q + q - d = 0. Let c(g) = 2*g**3 - 3*g**2 + 2*g - 3. Give c(q).
5
Let l(q) = -3*q + q - 2*q - q**2 - 2. Let v be -1*1/1*-1. Let i be 1 - (4 - v*-2). What is l(i)?
-7
Let q(u) = u**3 + 3*u**2 + 5*u + 4. Let y be (5 + 27/(-6))*-6. Determine q(y).
-11
Suppose 12 = w - 0*w. Let b = -4 + 7. Suppose -b - 5 = -j + 2*f, -3*f = 3*j + w. Let g(i) = i**3 + i**2 - i + 5. Give g(j).
5
Let r(s) be the second deri